hat is -45b6ea (base 15) in base 13?
-8c7517
Convert -10112111100 (base 3) to base 2.
-10000111111101111
What is 1334044001 (base 5) in base 6?
201223524
-189a067 (base 12) to base 15
-6c4eed
Convert 110001001000001010011010 (base 2) to base 13.
288bb11
Convert -6556402 (base 8) to base 6.
-101422310
-4a97a (base 11) to base 16
-11d5a
51451305 (base 6) to base 7
15421154
-4d640c (base 14) to base 10
-2667964
541533242 (base 6) to base 15
c9bc2e
Convert 77df7a (base 16) to base 10.
7855994
Convert -99310 (base 11) to base 13.
-507a4
-c309a (base 16) to base 2
-11000011000010011010
-3b2934 (base 13) to base 11
-89a434
What is -5097dc (base 15) in base 5?
-1440012112
Convert -2527b (base 15) to base 6.
-2313255
What is -10000320 (base 4) in base 10?
-16440
Convert -7abb6 (base 15) to base 16.
-5f673
What is 6ad60 (base 14) in base 6?
5330200
Convert -215443123 (base 6) to base 7.
-45141525
What is 14cb99 (base 13) in base 11?
3210aa
What is 172838 (base 13) in base 7?
4622153
103035013 (base 6) to base 14
356cdb
Convert 26468 (base 13) to base 16.
1159a
-100110110110110 (base 2) to base 9
-30254
What is bcb90 (base 15) in base 12?
24b269
Convert 89168 (base 11) to base 4.
133210112
What is -24100201 (base 5) in base 12?
-a851a
-210236 (base 10) to base 3
-101200101112
-30020123 (base 4) to base 12
-2490b
Convert 7c9d42 (base 14) to base 15.
590277
Convert 110313320322 (base 4) to base 9.
11258810
What is 7137 (base 15) in base 7?
126454
What is -10021012212 (base 3) in base 13?
-2336c
What is -a2b1d (base 14) in base 13?
-10946b
-1030511543 (base 6) to base 16
-a73517
-100011010011100110 (base 2) to base 4
-203103212
101423344 (base 5) to base 12
1833b6
Convert 27b7b (base 15) to base 12.
61922
Convert 8047a (base 13) to base 7.
1643261
What is 11100110100001000011110 (base 2) in base 3?
112012202112201
Convert -1111011111110101 (base 2) to base 13.
-22b7b
Convert 11a83a (base 11) to base 2.
101110011000111101
-7302341 (base 9) to base 6
-215322444
What is -1333030113 (base 4) in base 16?
-7f317
Convert 123301323 (base 4) to base 16.
1bc7b
What is 173020 (base 9) in base 10?
107181
Convert 21231051 (base 7) to base 14.
3501d1
Convert -5765a (base 12) to base 5.
-12213320
Convert -49222 (base 13) to base 16.
-20cef
4114204 (base 5) to base 12
327b0
What is 110b (base 16) in base 2?
1000100001011
What is -134535 (base 8) in base 9?
-72075
98923 (base 15) to base 6
14215523
124693 (base 15) to base 4
3111301131
What is -1222101222001 (base 3) in base 16?
-100a38
Convert -111123122213 (base 4) to base 7.
-65514011
20023201220 (base 4) to base 15
2c5575
What is 975745 (base 12) in base 4?
21020203211
Convert 22452 (base 10) to base 5.
1204302
307723 (base 9) to base 2
101100101000110110
What is 3202113 (base 4) in base 2?
11100010010111
What is -adb06 (base 14) in base 10?
-421994
Convert -8a0a1 (base 11) to base 10.
-130549
Convert 247620 (base 11) to base 15.
7ab8b
Convert 20011002120 (base 3) to base 13.
43161
What is -1b649 (base 14) in base 4?
-101003101
-625115 (base 10) to base 2
-10011000100111011011
Convert 2000021010 (base 3) to base 8.
115206
-555514 (base 6) to base 8
-133046
What is 62524640 (base 7) in base 10?
5267087
What is -131332010203 (base 4) in base 9?
-15703874
Convert 153061210 (base 7) to base 14.
150b777
Convert 12d6bb (base 16) to base 11.
773651
What is 100010110010001101011 (base 2) in base 14?
219559
What is -11111001101000000111 (base 2) in base 6?
-33525355
What is -1a9118 (base 13) in base 6?
-22301350
Convert 6d0b92 (base 15) to base 7.
62225606
6120513 (base 7) to base 8
2615316
Convert -124135363 (base 7) to base 9.
-15783251
What is -10211243 (base 5) in base 7?
-503251
Convert -1a64453 (base 14) to base 9.
-26662487
Convert -25031110 (base 6) to base 5.
-201003143
What is 1312792 (base 13) in base 16?
5b2ba1
Convert -1000111110100010001111 (base 2) to base 3.
-11102120010002
12c75 (base 16) to base 13
29019
-211001101222120 (base 3) to base 6
-1055104240
What is -200222100122 (base 3) in base 9?
-628318
Convert 95930 (base 14) to base 8.
1301466
305206 (base 9) to base 2
101100001011100000
What is -1331122204 (base 5) in base 9?
-6321038
What is 1465262 (base 7) in base 2?
110001000110110100
Convert -530002 (base 6) to base 3.
-2011200002
6241323 (base 9) to base 6
155243033
Convert -220135425 (base 6) to base 13.
-a78943
-82ffa3 (base 16) to base 9
-17134515
What is -4341303 (base 5) in base 4?
-102031102
What is 102022200210 (base 3) in base 9?
368623
What is -403892 (base 11) in base 15?
-cc596
240676 (base 9) to base 3
21100202120
Convert -575033 (base 9) to base 10.
-344847
Convert -35482 (base 11) to base 16.
-c7d0
Convert -1494041 (base 11) to base 14.
-4a6503
10105144 (base 6) to base 5
33220411
Convert -2214010 (base 5) to base 2.
-1001011011100110
What is 480790 (base 13) in base 10?
1714960
Convert 3ebabe (base 15) to base 9.
5622428
Convert -29ab1 (base 13) to base 16.
-13389
Convert 6044340 (base 11) to base 12.
36b8565
What is 11320331210 (base 4) in base 8?
5707544
-100b2 (base 13) to base 5
-1404311
-100101010001100000101000 (base 2) to base 9
-20342320
Convert 166434002 (base 7) to base 15.
101dba8
What is 24035663 (base 7) in base 13?
596159
Convert -827 (base 12) to base 3.
-1121211
46baa (base 13) to base 9
216475
-462dc6 (base 16) to base 14
-87a170
Convert 22a915 (base 15) to base 4.
12110033303
-baf6c (base 16) to base 10
-765804
-170256 (base 8) to base 13
-22077
What is -24000442 (base 5) in base 16?
-356f8
-94c72c (base 14) to base 16
-4cba44
Convert 1908943 (base 13) to base 3.
120101222021101
317871 (base 9) to base 2
101110010001010011
Convert 122110110022 (base 3) to base 13.
c058a
-5428b (base 15) to base 13
-94814
Convert -1bdc15 (base 14) to base 10.
-998443
What is 3334310 (base 5) in base 2?
1110010101010001
-a13146 (base 11) to base 14
-305ab9
What is 105445 (base 9) in base 15?
13a3e
10441060 (base 7) to base 11
565833
-29026b (base 14) to base 10
-1421879
Convert -1321030001 (base 4) to base 10.
-496385
What is 5246813 (base 10) in base 6?
304242445
Convert 2322131 (base 4) to base 15.
3808
Convert -33230321000 (base 4) to base 8.
-17547100
Convert -482767 (base 9) to base 12.
-12032a
Convert 5145653 (base 8) to base 15.
1bdc24
Convert -399628 (base 11) to base 8.
-2311711
-10000111011011001000 (base 2) to base 3
-1001011220022
Convert -425923 (base 10) to base 9.
-718227
What is -24167063 (base 8) in base 5?
-2324210414
Convert bb8390 (base 12) to base 16.
2d771c
Convert -15254310 (base 6) to base 3.
-1000020120020
Convert -24232444 (base 5) to base 8.
-673661
Convert 385d34 (base 16) to base 10.
3693876
What is 787691 (base 11) in base 6?
42520244
What is -2143312 (base 6) in base 12?
-51b38
19c01a4 (base 13) to base 6
502233001
Convert 39cbe9 (base 15) to base 2.
1010100101111101110000
-1120102120100 (base 3) to base 5
-203210434
Convert 397ca (base 14) to base 15.
2bdce
-97b01e (base 15) to base 10
-7225904
Convert -1122201022 (base 3) to base 7.
-164015
What is 16b2413 (base 13) in base 12?
2577314
Convert 100011101011100000 (base 2) to base 13.
5169b
44141023 (base 6) to base 5
314211214
374a06 (base 11) to base 8
2204464
Convert -6455602 (base 7) to base 4.
-3000023002
What is -fb63 (base 16) in base 11?
-44395
What is -2544b5 (base 13) in base 14?
-19424b
What is 150774 (base 8) in base 5?
3210011
What is 1233035 (base 6) in base 7?
365441
Convert 1677213 (base 9) to base 14.
1a5643
-23765 (base 12) to base 5
-3011431
Convert 10a115 (base 11) to base 10.
174498
Convert 11141203132 (base 5) to base 8.
57361007
Convert -2003333300 (base 4) to base 6.
-15331012
What is 2242423 (base 6) in base 7?
655140
What is -789c3 (base 15) in base 9?
-644153
285a4 (base 14) to base 3
12002001022
Convert -11010011001100111110 (base 2) to base 9.
-1557606
What is 689d6 (base 14) in base 4?
332013000
-34351024 (base 7) to base 4
-23131121230
What is 10001020022 (base 4) in base 3?
1222111201012
-233251400 (base 6) to base 5
-2104031100
-16653265 (base 7) to base 2
-110010001001111000010
23133114 (base 5) to base 2
110010111010010110
210354 (base 6) to base 9
25267
Convert 1660bb (base 13) to base 5.
120242440
Convert 3160217 (base 8) to base 15.
11a0b4
What is -7e (base 16) in base